{"id":47,"date":"2025-11-10T20:24:02","date_gmt":"2025-11-10T20:24:02","guid":{"rendered":"https:\/\/gj-dev.phenologica.de\/?page_id=47"},"modified":"2025-11-12T12:42:00","modified_gmt":"2025-11-12T12:42:00","slug":"live-termine","status":"publish","type":"page","link":"https:\/\/gj-dev.phenologica.de\/?page_id=47","title":{"rendered":"Live Termine"},"content":{"rendered":"<p>[et_pb_section fb_built=&#8220;1&#8243; _builder_version=&#8220;4.16&#8243; global_colors_info=&#8220;{}&#8220;][et_pb_row _builder_version=&#8220;4.16&#8243; background_size=&#8220;initial&#8220; background_position=&#8220;top_left&#8220; background_repeat=&#8220;repeat&#8220; global_colors_info=&#8220;{}&#8220; custom_padding=&#8220;92px|||||&#8220;][et_pb_column type=&#8220;4_4&#8243; _builder_version=&#8220;4.16&#8243; custom_padding=&#8220;|||&#8220; global_colors_info=&#8220;{}&#8220; custom_padding__hover=&#8220;|||&#8220;][et_pb_text _builder_version=&#8220;4.16&#8243; background_size=&#8220;initial&#8220; background_position=&#8220;top_left&#8220; background_repeat=&#8220;repeat&#8220; global_colors_info=&#8220;{}&#8220; custom_margin=&#8220;-147px|||||&#8220;]<!-- divi:image {\"id\":40,\"sizeSlug\":\"large\",\"linkDestination\":\"none\",\"align\":\"full\"} --><\/p>\n<figure class=\"wp-block-image alignfull size-large\"><img loading=\"lazy\" decoding=\"async\" width=\"1024\" height=\"683\" src=\"https:\/\/gj-dev.phenologica.de\/wp-content\/uploads\/2025\/11\/Mini-Publikum-HH-Gentle-jam--1024x683.jpg\" alt=\"Gentle Jam Akustik Cover Band begeistert vor 2000 Zuschauern in H\u00fcckelhoven\" class=\"wp-image-40\" srcset=\"https:\/\/gj-dev.phenologica.de\/wp-content\/uploads\/2025\/11\/Mini-Publikum-HH-Gentle-jam--980x653.jpg 980w, https:\/\/gj-dev.phenologica.de\/wp-content\/uploads\/2025\/11\/Mini-Publikum-HH-Gentle-jam--480x320.jpg 480w\" sizes=\"(min-width: 0px) and (max-width: 480px) 480px, (min-width: 481px) and (max-width: 980px) 980px, (min-width: 981px) 1024px, 100vw\" \/><\/figure>\n<p><!-- \/divi:image -->[\/et_pb_text][\/et_pb_column][\/et_pb_row][\/et_pb_section][et_pb_section fb_built=&#8220;1&#8243; theme_builder_area=&#8220;post_content&#8220; _builder_version=&#8220;4.27.4&#8243; _module_preset=&#8220;default&#8220; custom_padding=&#8220;||47px|||&#8220; custom_margin=&#8220;-86px|||||&#8220;][et_pb_row _builder_version=&#8220;4.27.4&#8243; _module_preset=&#8220;default&#8220; theme_builder_area=&#8220;post_content&#8220; custom_padding=&#8220;60px|||||&#8220; background_color=&#8220;#FFFFFF&#8220; hover_enabled=&#8220;0&#8243; sticky_enabled=&#8220;0&#8243;][et_pb_column _builder_version=&#8220;4.27.4&#8243; _module_preset=&#8220;default&#8220; type=&#8220;4_4&#8243; theme_builder_area=&#8220;post_content&#8220;][et_pb_text _builder_version=&#8220;4.27.4&#8243; _module_preset=&#8220;default&#8220; theme_builder_area=&#8220;post_content&#8220; hover_enabled=&#8220;0&#8243; sticky_enabled=&#8220;0&#8243; custom_padding=&#8220;0px|||||&#8220;]<\/p>\n<p style=\"text-align: center;\">\n<h1><span>Hier findet Ihr unsere \u00f6ffentlichen Live Konzerte<\/span><\/h1>\n<p><span><\/span><\/p>\n<p><span>17.07.2025 Picknick Konzert, H\u00dc Arena H\u00fcckelhoven- umsonst und drau\u00dfen 18.30 Uhr &#8211; 21 Uhr<\/span><br \/><span>14.09.2025 Smooth Attack- Gentle Jam feat. Andy Pilger, Steinbruch Duisburg ab 19 Uhr<\/span><br \/><span>09.11.2025 Martinsmarkt, Monheim am Rhein, 14.45-15.45 Uhr gro\u00dfe B\u00fchne<\/span><br \/><span>29.11.2025 Er\u00f6ffnung Weihnachtsmarkt, &#8218;H\u00fcckelhoven Weihnachtet&#8216; Hauptb\u00fchne<\/span><br \/><span>30.11.2025 Magische Marienburg, 14-20 Uhr, Marienburg Monheim<\/span><br \/><span>20.12.2025 Magische Marienburg, 16-22 Uhr Marienburg Monheim<\/span><\/p>\n<p>[\/et_pb_text][\/et_pb_column][\/et_pb_row][\/et_pb_section]<\/p>\n","protected":false},"excerpt":{"rendered":"<p>Hier findet Ihr unsere \u00f6ffentlichen Live Konzerte 17.07.2025 Picknick Konzert, H\u00dc Arena H\u00fcckelhoven- umsonst und drau\u00dfen 18.30 Uhr &#8211; 21 Uhr14.09.2025 Smooth Attack- Gentle Jam feat. Andy Pilger, Steinbruch Duisburg ab 19 Uhr09.11.2025 Martinsmarkt, Monheim am Rhein, 14.45-15.45 Uhr gro\u00dfe B\u00fchne29.11.2025 Er\u00f6ffnung Weihnachtsmarkt, &#8218;H\u00fcckelhoven Weihnachtet&#8216; Hauptb\u00fchne30.11.2025 Magische Marienburg, 14-20 Uhr, Marienburg Monheim20.12.2025 Magische Marienburg, 16-22 [&hellip;]<\/p>\n","protected":false},"author":2,"featured_media":40,"parent":0,"menu_order":0,"comment_status":"closed","ping_status":"closed","template":"","meta":{"_et_pb_use_builder":"on","_et_pb_old_content":"<!-- wp:image {\"id\":40,\"sizeSlug\":\"large\",\"linkDestination\":\"none\",\"align\":\"full\"} -->\n<figure class=\"wp-block-image alignfull size-large\"><img src=\"https:\/\/gj-dev.phenologica.de\/wp-content\/uploads\/2025\/11\/Mini-Publikum-HH-Gentle-jam--1024x683.jpg\" alt=\"Gentle Jam Akustik Cover Band begeistert vor 2000 Zuschauern in H\u00fcckelhoven\" class=\"wp-image-40\"\/><\/figure>\n<!-- \/wp:image -->","_et_gb_content_width":"","footnotes":""},"class_list":["post-47","page","type-page","status-publish","has-post-thumbnail","hentry"],"_links":{"self":[{"href":"https:\/\/gj-dev.phenologica.de\/index.php?rest_route=\/wp\/v2\/pages\/47","targetHints":{"allow":["GET"]}}],"collection":[{"href":"https:\/\/gj-dev.phenologica.de\/index.php?rest_route=\/wp\/v2\/pages"}],"about":[{"href":"https:\/\/gj-dev.phenologica.de\/index.php?rest_route=\/wp\/v2\/types\/page"}],"author":[{"embeddable":true,"href":"https:\/\/gj-dev.phenologica.de\/index.php?rest_route=\/wp\/v2\/users\/2"}],"replies":[{"embeddable":true,"href":"https:\/\/gj-dev.phenologica.de\/index.php?rest_route=%2Fwp%2Fv2%2Fcomments&post=47"}],"version-history":[{"count":4,"href":"https:\/\/gj-dev.phenologica.de\/index.php?rest_route=\/wp\/v2\/pages\/47\/revisions"}],"predecessor-version":[{"id":69,"href":"https:\/\/gj-dev.phenologica.de\/index.php?rest_route=\/wp\/v2\/pages\/47\/revisions\/69"}],"wp:featuredmedia":[{"embeddable":true,"href":"https:\/\/gj-dev.phenologica.de\/index.php?rest_route=\/wp\/v2\/media\/40"}],"wp:attachment":[{"href":"https:\/\/gj-dev.phenologica.de\/index.php?rest_route=%2Fwp%2Fv2%2Fmedia&parent=47"}],"curies":[{"name":"wp","href":"https:\/\/api.w.org\/{rel}","templated":true}]}}